Let o(n) = 2*n**3 + n**2 + 2*n - 10. Determine o(0).
-10
Let t(b) = 4*b**3 + 3*b**2 + 2. What is t(2)?
46
Let b(y) = 2*y - 121. What is b(60)?
-1
Let y(n) = -75*n + 388. Calculate y(5).
13
Let q(w) = 3*w**3 - w**2 + 3*w + 3. Determine q(-1).
-4
Let k(x) = x + 18. Give k(-20).
-2
Let g(v) = -3*v**3 - 8*v**2 + 10*v + 9. Determine g(-4).
33
Let q(l) = l**2 - 5*l + 5. Calculate q(5).
5
Let f(v) = 4*v + 29. What is f(-9)?
-7
Let o(i) = -2*i**2 - 9*i + 5. Give o(-6).
-13
Let b(g) = -g**3 + 11*g**2 + 13*g - 11. What is b(12)?
1
Let u(r) = r**2 + 19*r + 41. What is u(-16)?
-7
Let o(l) = -l + 16. What is o(7)?
9
Let q(y) = -y**3 - 19*y**2 - 35*y + 2. Calculate q(-17).
19
Let i(h) = -h**3 + 7*h**2 + 5*h + 1. Calculate i(6).
67
Let g(p) = 16*p**3 - 2*p**2 - 2*p + 5. Determine g(2).
121
Let b(l) = -8*l**3 + 2*l**2 + 4*l + 3. Determine b(-2).
67
Let u(c) = 3*c**2 - 4*c - 3. Give u(-1).
4
Let b(o) = o**3 + 10*o**2 + 16*o + 11. Give b(-7).
46
Let q(p) = p**2 - 24*p + 34. Calculate q(23).
11
Let j(v) = -v**2 - 3*v + 38. What is j(-7)?
10
Let h(z) = z**3 - 13*z**2 + 13*z - 16. Calculate h(12).
-4
Let k(o) = 12*o - 293. Give k(24).
-5
Let j(v) = -v**3 + 6*v**2 - 8*v + 8. Give j(6).
-40
Let o(p) = 4*p + 15. Determine o(-3).
3
Let n(a) = -a - 4. Determine n(-6).
2
Let l(p) = -p**2 + 11*p + 3. What is l(11)?
3
Let w(p) = -6*p**2 + 2*p - 3. Calculate w(1).
-7
Let m(v) = 7*v - 4. What is m(-4)?
-32
Let z(x) = -9*x + 14. Give z(-7).
77
Let l(a) = -a**2 + 9*a - 7. Give l(9).
-7
Let n(o) = o**3 - 3*o**2 - 7*o + 4. Give n(5).
19
Let k(u) = 5*u + 25. What is k(-2)?
15
Let g(k) = -8*k + 2. Give g(4).
-30
Let s(r) = -3*r**2 + 3*r - 3. Give s(2).
-9
Let b(a) = 2*a**3 + 50*a**2 + 49*a + 27. What is b(-24)?
3
Let h(c) = -c**2 + 2. Calculate h(0).
2
Let j(r) = r**2 - 17*r + 59. What is j(12)?
-1
Let m(a) = -a**3 - 8*a**2 - 12*a + 9. Determine m(-6).
9
Let a(q) = 7*q**3 - 2*q**2 + q + 1. Determine a(2).
51
Let l(q) = q**2 - 4*q - 3. Give l(-2).
9
Let w(s) = s**2 - 10*s - 18. Give w(9).
-27
Let n(w) = -4*w**3 + 28*w**2 + 2*w - 20. What is n(7)?
-6
Let r(k) = 3*k**2 - 24*k. Calculate r(8).
0
Let x(u) = -u**3 + 6*u**2 - u + 5. Give x(5).
25
Let t(l) = -l - 3. Determine t(2).
-5
Let k(n) = -n**3 - n**2 + 2*n + 5. What is k(2)?
-3
Let k(u) = -4*u + 48. What is k(0)?
48
Let m(g) = g**3 + 9*g**2 + 2*g - 2. Determine m(-9).
-20
Let j(t) = 2*t**2 + 8*t + 16. Give j(-3).
10
Let k(q) = q**2 + 9*q - 3. What is k(-6)?
-21
Let r(m) = m**2 - 12*m - 47. What is r(15)?
-2
Let p(x) = 14*x + 8. Calculate p(0).
8
Let a(j) = -8*j**3 - 1. Calculate a(-1).
7
Let n(q) = q**3 - 23*q**2 + q - 33. Give n(23).
-10
Let z(d) = -d + 2. Calculate z(-1).
3
Let i(x) = -x**2 + 6*x + 13. Calculate i(10).
-27
Let h(b) = b**2 - 14*b + 6. Calculate h(6).
-42
Let j(m) = m**2 + 16*m + 42. Give j(-10).
-18
Let l(g) = -g**2 - g + 3. Determine l(-3).
-3
Let h(v) = -5*v - 50. Determine h(-9).
-5
Let h(y) = -y**3 - 3*y**2 + 2*y + 2. Calculate h(2).
-14
Let i(m) = -5*m**2. Calculate i(-1).
-5
Let z(b) = b**3 + 6*b**2 + 10*b + 2. Calculate z(-2).
-2
Let b(o) = -o**3 + 9*o**2 + 9*o - 11. Calculate b(10).
-21
Let m(z) = -2*z**3 - 22*z**2 - z - 3. What is m(-11)?
8
Let r(i) = i**3 + 5*i**2 - 11*i + 2. Give r(-5).
57
Let z(v) = v**3 + 7*v**2 + 7*v - 6. What is z(-5)?
9
Let j(t) = 60*t + 183. What is j(-3)?
3
Let a(y) = -4*y - 46. Determine a(-11).
-2
Let d(l) = 2*l**2 + 28*l + 1. Calculate d(-14).
1
Let i(a) = -8*a + 3. Give i(4).
-29
Let g(y) = -2*y**2 - 7*y + 4. Determine g(-3).
7
Let v(b) = 20*b**3 - b**2 - 2*b - 1. Give v(-2).
-161
Let v(l) = -l**2 - 6*l - 11. Give v(-8).
-27
Let j(f) = f**3 - 10*f**2 - 14*f + 36. What is j(11)?
3
Let z(g) = -g**3 + 6*g**2 + 2*g + 7. Give z(6).
19
Let x(p) = 2*p**2 + 19*p - 10. Calculate x(-8).
-34
Let h(g) = 2*g**3 - 3*g**2 + 3*g - 2. Give h(3).
34
Let x(d) = -2*d + 10. Calculate x(7).
-4
Let s(n) = n**2 + 10*n - 8. What is s(1)?
3
Let k(m) = m**2 + 4*m - 9. Give k(-5).
-4
Let r(w) = 25*w**2 - 9*w - 13. Determine r(-2).
105
Let g(b) = b**3 + 3*b**2 + 6*b + 44. What is g(-4)?
4
Let s(j) = j**2 + 2*j + 2. Give s(-7).
37
Let o(m) = -m**2 + 28*m + 56. What is o(30)?
-4
Let c(m) = -4*m + 52. What is c(11)?
8
Let b(p) = -p**2 - 19*p - 10. What is b(-19)?
-10
Let r(t) = t**2 + 7*t + 2. Calculate r(-3).
-10
Let l(p) = -13*p**2 + p - 1. Calculate l(1).
-13
Let q(p) = 29*p + 1043. Calculate q(-36).
-1
Let i(g) = 6*g**2 + 8*g + 6. Determine i(-1).
4
Let f(x) = 17*x - 7. Determine f(-1).
-24
Let g(n) = n**2 + 157*n - 316. Calculate g(2).
2
Let i(u) = u**3 + 9*u**2 + 14*u + 42. What is i(-7)?
42
Let p(j) = -12*j + 54. What is p(-9)?
162
Let l(p) = p**2 + 15*p + 22. Give l(-13).
-4
Let p(y) = 4*y**2 - y - 15. Give p(-3).
24
Let z(h) = -3*h**2 + 8*h - 8. Give z(1).
-3
Let d(g) = -g**2 + 11*g - 23. Calculate d(8).
1
Let i(v) = -2*v**3 - 6*v**2 - 7*v + 1. Give i(-3).
22
Let g(m) = 3*m + 3. Give g(5).
18
Let g(u) = 2*u + 15. Determine g(-7).
1
Let r(f) = 4*f**2 - 1. Determine r(-1).
3
Let y(w) = -2*w + 16. Calculate y(10).
-4
Let g(f) = -f + 13. Calculate g(9).
4
Let g(l) = 85*l - 158. Give g(2).
12
Let j(q) = -q**3 + 5*q**2 - 14*q + 11. What is j(5)?
-59
Let p(u) = u + 20. What is p(-22)?
-2
Let c(g) = 51*g + 806. Determine c(-16).
-10
Let s(t) = t**2 - 146*t - 750. Determine s(-5).
5
Let d(p) = p**2 - 19*p - 28. What is d(20)?
-8
Let v(g) = -2*g**3 + 16*g**2 + 2*g - 21. Give v(8).
-5
Let o(n) = -66*n**2 + 2*n. What is o(1)?
-64
Let l(s) = s**3 + 13*s**2 - 9*s + 75. Calculate l(-14).
5
Let j(a) = -4*a - 10. Calculate j(-4).
6
Let n(i) = -4*i - 11. What is n(-4)?
5
Let s(a) = a**3 - 9*a**2 + 8*a - 5. What is s(8)?
-5
Let f(j) = -j**2 - 13*j - 13. Calculate f(-6).
29
Let g(x) = x**3 + 8*x**2 + 7*x + 10. Determine g(-7).
10
Let b(i) = 4*i - 80. Calculate b(23).
12
Let x(k) = 6*k - 18. Determine x(5).
12
Let y(q) = q**3 - 3*q**2 - 21*q + 13. Determine y(6).
-5
Let i(v) = -v**2 - 2*v + 10. Give i(-7).
-25
Let f(k) = -k**3 + 8*k**2 + 8*k + 17. What is f(9)?
8
Let w(r) = -5*r - 29. Calculate w(-6).
1
Let w(a) = 4*a + 18. Give w(-4).
2
Let q(y) = y + 2. Give q(0).
2
Let y(n) = 14*n**2 - 69*n + 3. What is y(5)?
8
Let u(c) = 3*c - 33. Determine u(9).
-6
Let u(x) = 4*x**3 - 1. Give u(1).
3
Let r(h) = h - 2. What is r(4)?
2
Let r(b) = 2*b**2 - b - 4. Determine r(3).
11
Let s(d) = d**3 - 11*d**2 - 15*d + 47. Calculate s(12).
11
Let t(v) = v + 3. Calculate t(-4).
-1
Let k(g) = g**3 - 15*g**2 + 14*g + 12. Determine k(14).
12
Let w(y) = y**3 - 4*y**2 - 4*y - 6. Determine w(4).
-22
Let d(f) = f**2 - 2*f + 8. What is d(0)?
8
Let b(m) = m**2 - 3*m - 32. Calculate b(0).
-32
Let x(k) = -5*k**3 + 63*k**2 + 26*k - 11. What is x(13)?
-11
Let s(r) = r**2 - 7*r + 12. What is s(3)?
0
Let u(b) = -b**2 + 23*b - 2. What is u(24)?
-26
Let t(j) = j**3 - 37*j**2 + 36*j - 1. Calculate t(36).
-1
Let s(h) = 9*h**3 - h**2 + 1. Give s(1).
9
Let b(o) = 8*o + 12. What is b(-4)?
-20
Let z(q) = -27*q + 17. What is z(1)?
-10
Let w(b) = -b**2 - 11*b - 21. Determine w(-11).
-21
Let x(d) = -6*d**2 + 28*d + 74. Determine x(7).
-24
Let w(u) = -15*u - 5. Calculate w(7).
-110
Let g(q) = q**3 + 7*q**2 + 8*q + 3. Calculate g(-6).
-9
Let g(t) = -t**2 - 7*t + 3. What is g(-6)?
9
Let n(t) = -26*t + 780. Give n(30).
0
Let b(c) = c**2 + 11*c + 17. Determine b(-7).
-11
Let s(o) = o**2 + 25*o + 107. Calculate s(-6).
-7
Let v(g) = -19*g**2 - 3*g - 2. What is v(-1)?
-18
Let a(f) = f**3 - 8*f**2 - 12*f - 11. Give a(9).
-38
Let s(r) = -30*r**2 - 2*r - 2. Give s(-1).
-30
Let a(b) = -11*b - 15. Calculate a(-2).
7
Let r(h) = h**2 - 3*h + 1. Give r(-3).
19
Let h(l) = 5*l**2 - 8*l + 26. What is h(5)?
111
Let d(r) = -20*r - 569. What is d(-28)?
-9
Let x(r) = -2*r**2 + 8*r + 6. Calculate x(5).
-4
Let b(h) = -2*h - 6. Give b(3).
-12
Let t(m) = 32*m - 516. Give t(16).
-4
Let y(p) = 5*p. What is y(1)?
5
Let a(s) = 40*s - 12. Give a(3).
108
Let b(f) = 3*f - 33. Give b(10).
-3
Let b(z) = -z**2 + z + 3. Calculate b(-1).
1
Let v(g) = g**2 - 6*g - 12. Calculate v(11).
43
Let z(d) = 16*d - 152. Calculate z(10).
8
Let g(a) = 21*a - 469. Calculate g(22).
-7
Let q(w) = 4*w - 16. Calculate q(3).
-4
Let a(u) = -u**2 + 5*u + 16. Give a(-4).
-20
Let q(s) = -s**2 + 10*s + 16. What is q(12)?
-8
Let f(t) = -2*t**2 - 12*t - 7. Give f(-5).
3
Let k(u) = u + 24. Give k(-17).
7
Let w(g) = -2*g*